-71*c - 575. Calculate g(-9).
64
Let n(q) = -2*q**3 - 6*q**2 + 4. Determine n(1).
-4
Let i(c) = -2*c**2 + 20*c + 759. Give i(-15).
9
Let c(x) = 8*x - 333. Give c(49).
59
Let a(q) = 47*q + 41. Give a(5).
276
Let c(o) = -o**2 - 44*o + 262. Determine c(-48).
70
Let m(l) = l**3 - 16*l**2 - 12*l + 163. Determine m(16).
-29
Let i(o) = -692*o + 10370. Determine i(15).
-10
Let u(y) = -442*y - 4425. Determine u(-10).
-5
Let m(g) = g**3 - 21*g**2 + 52*g - 15. Determine m(18).
-51
Let o(v) = v**3 - 72*v**2 + 432*v - 2370. What is o(66)?
6
Let x(t) = -2*t**2 + 15*t - 154. Determine x(13).
-297
Let w(b) = -b**2 - 24*b - 116. Give w(-4).
-36
Let l(g) = 111*g - 3235. Determine l(25).
-460
Let j(c) = c**3 + 9*c**2 - 18*c - 48. Give j(-9).
114
Let b(h) = h**3 - 10*h**2 - 13*h + 58. Give b(8).
-174
Let u(s) = 37*s**2 - 3368*s + 164. Calculate u(91).
73
Let i(r) = r + 11. Give i(33).
44
Let s(y) = y**2 - 57*y - 135. Determine s(59).
-17
Let o(v) = -v**3 - 8*v**2 - 4*v + 20. Determine o(-7).
-1
Let c(t) = 1412*t - 2834. Calculate c(2).
-10
Let i(z) = -4*z**3 - 29*z**2 + 74*z + 619. What is i(-6)?
-5
Let t(m) = -m**3 - 25*m**2 - 122*m + 40. Calculate t(-7).
12
Let q(b) = 833*b + 6642. Determine q(-8).
-22
Let v(p) = 9*p**2 - 2515*p + 1121. What is v(279)?
5
Let v(q) = q**3 + 2*q**2 - 6*q - 103. Determine v(0).
-103
Let i(p) = 5*p + 66. Determine i(-13).
1
Let x(g) = 22*g - 114. Determine x(4).
-26
Let u(b) = 3*b**3 + 5*b**2 - 42*b + 205. Calculate u(7).
1185
Let u(b) = 2*b**3 + 28*b**2 - 46*b + 3. Determine u(-7).
1011
Let p(x) = x**3 + 9*x**2 + 19*x + 95. Give p(-8).
7
Let c(t) = -1115*t + 61326. Determine c(55).
1
Let b(k) = 296*k + 6211. Give b(-21).
-5
Let v(x) = -x**3 - 2*x**2 + 7*x - 20. What is v(-4)?
-16
Let k(p) = -p + 55. Determine k(-10).
65
Let u(v) = v**2 - 121*v - 2948. Calculate u(-21).
34
Let z(m) = -6*m**2 - 43*m - 82. Determine z(-2).
-20
Let v(h) = -2*h**3 - 95*h**2 - 29*h - 3685. Calculate v(-48).
11
Let q(i) = -i**3 - 10*i**2 - 9*i + 9. Give q(-9).
9
Let o(v) = -5*v**3 - 26*v**2 + 27*v + 10. What is o(-6)?
-8
Let l(b) = b**3 + 10*b**2 + 42*b. What is l(0)?
0
Let u(s) = 5*s**3 - 968*s**2 - 386*s - 401. Give u(194).
-13
Let s(a) = a**3 - 20*a**2 - 25*a + 94. What is s(21)?
10
Let w(l) = -4*l**2 - 38*l + 255. What is w(6)?
-117
Let p(q) = -q**3 - 111*q**2 + 48*q - 7202. Determine p(-112).
-34
Let l(h) = -28*h - 320. Calculate l(-12).
16
Let b(c) = -95*c**3 - 2*c**2. Calculate b(-2).
752
Let j(a) = 243*a + 9952. Give j(-41).
-11
Let l(v) = -v**2 - 30*v + 3855. Calculate l(-79).
-16
Let d(t) = -120*t + 1349. What is d(11)?
29
Let i(u) = u**3 + 88*u**2 + 1931*u - 59. Determine i(-42).
-17
Let f(n) = n**3 + 48*n**2 + 458*n + 101. Determine f(-35).
-4
Let m(r) = 22*r**2 - r - 3. Determine m(-4).
353
Let c(v) = -v**2 + 116*v + 281. Determine c(-3).
-76
Let g(s) = -4*s**2 - 181*s - 1835. Give g(-30).
-5
Let m(h) = -h**2 + 40*h + 277. What is m(-6)?
1
Let q(v) = 5098*v + 5078. What is q(-1)?
-20
Let u(y) = -y**3 + 10*y**2 - 6*y + 59. Calculate u(10).
-1
Let z(x) = x**3 + 17*x**2 + 11*x + 948. Calculate z(-19).
17
Let w(d) = -d**3 - 25*d**2 - 144*d - 140. What is w(-17)?
-4
Let z(q) = -147*q**2 + 1764*q + 1. Determine z(12).
1
Let p(l) = -47*l - 138. Give p(-6).
144
Let l(n) = -n - 62. Give l(-16).
-46
Let d(c) = 52*c**2 - 635*c + 6. Determine d(12).
-126
Let l(p) = p**2 - 174*p + 3329. Determine l(22).
-15
Let x(g) = -5722*g - 5713. What is x(-1)?
9
Let d(o) = 3*o**2 + 239*o - 208. Calculate d(-82).
366
Let n(f) = f**3 - 19*f**2 + 112. Give n(0).
112
Let t(d) = -4*d + 206. What is t(11)?
162
Let k(r) = -7*r**2 + 183*r - 491. Give k(3).
-5
Let f(o) = o**3 + 26*o**2 - 74*o + 65. Determine f(-28).
569
Let v(i) = 35*i + 113. Give v(-9).
-202
Let k(u) = 54*u**3 + u**2 - 14*u - 15. What is k(-1)?
-54
Let u(p) = -40*p**3 + p**2 - 3*p + 2. What is u(1)?
-40
Let c(x) = -5*x**3 - 179*x**2 + 25*x - 109. What is c(-36)?
287
Let i(w) = 3*w**2 - 185*w + 2786. Calculate i(26).
4
Let w(p) = -p**3 + 17*p**2 + 79*p - 202. Give w(22).
-884
Let k(i) = -36*i - 161. What is k(-7)?
91
Let r(n) = -5*n - 23. Give r(-6).
7
Let b(q) = -q**3 - 11*q**2 - 8*q - 5. Calculate b(-1).
-7
Let k(c) = 5*c + 72. Give k(8).
112
Let g(n) = -n**2 + 40*n - 198. Give g(6).
6
Let u(f) = 274*f + 55350. Give u(-202).
2
Let i(b) = 204*b - 2135. Calculate i(11).
109
Let g(o) = o**3 + 28*o**2 - 62*o + 101. What is g(-30)?
161
Let s(m) = m**3 + 42*m**2 + 14*m + 714. Calculate s(-42).
126
Let j(t) = -2*t**3 - 28*t**2 + 25*t + 363. What is j(-14)?
13
Let v(p) = -8*p**2 - 76*p - 26. Calculate v(-9).
10
Let a(w) = w**2 + 12*w - 53. Calculate a(-10).
-73
Let s(f) = 3355*f + 36915. Calculate s(-11).
10
Let o(a) = -a**3 + 11*a**2 + 20*a - 32. Give o(13).
-110
Let x(w) = -69*w + 610. Determine x(9).
-11
Let c(i) = i**2 + 33*i + 109. Calculate c(-31).
47
Let c(o) = 244*o + 3040. Determine c(-8).
1088
Let o(n) = n**2 + 3560*n + 17784. Determine o(-5).
9
Let s(q) = -q**3 - 8*q**2 + 30*q + 87. What is s(-9)?
-102
Let j(x) = -x**3 + 11*x**2 + 20*x - 157. Give j(10).
143
Let z(d) = -d**2 - 10*d + 249. Give z(-16).
153
Let w(h) = -14*h**3 + 237*h**2 + 13*h + 78. Determine w(17).
10
Let i(z) = -z**3 + 47*z**2 + 257*z - 46. What is i(52)?
-202
Let a(g) = -g**3 - 85*g**2 - 256*g - 797. What is a(-82)?
23
Let q(x) = 2*x**2 + 90*x - 363. Determine q(-49).
29
Let c(b) = b**3 + 50*b**2 + 91*b - 235. Determine c(-48).
5
Let x(a) = 24*a**3 + 3*a**2 - 16*a - 18. Calculate x(-1).
-23
Let u(v) = -10*v - 209. Determine u(-14).
-69
Let o(y) = y**3 + 2*y**2 - 10*y + 1. Give o(-8).
-303
Let s(o) = -2*o**2 - 201*o + 903. Calculate s(-103).
388
Let y(t) = 3*t**2 - 929*t + 6368. What is y(7)?
12
Let j(f) = -23*f**3 + f + 2. Determine j(-3).
620
Let t(s) = 228*s + 962. What is t(-4)?
50
Let k(s) = s**3 - 14*s**2 + 35*s - 100. Determine k(12).
32
Let i(c) = c**2 + 15*c - 143. Determine i(-21).
-17
Let d(r) = r**2 - 400*r + 1938. Calculate d(5).
-37
Let j(c) = -c**3 - 8*c**2 + 9*c + 33. What is j(-9)?
33
Let a(h) = 249*h + 52537. What is a(-211)?
-2
Let j(m) = -3*m**2 + 100*m + 2098. Determine j(48).
-14
Let g(m) = 2*m**2 - 58*m + 279. Give g(23).
3
Let h(p) = 5*p**2 - 84*p + 332. Give h(6).
8
Let w(x) = 2*x**3 - 3*x**2 + 37*x + 3. Give w(7).
801
Let a(v) = 12*v + 186. Calculate a(-22).
-78
Let x(m) = 8*m**3 - 3941*m**2 - 1482*m + 1475. Give x(493).
-4
Let j(g) = -2*g**3 - 16*g**2 + 18*g + 30. What is j(-8)?
-114
Let r(b) = b**3 + 44*b**2 - 43*b + 107. Calculate r(-45).
17
Let u(s) = -s**3 - 84*s**2 + 7*s + 645. Calculate u(-84).
57
Let v(h) = 23*h**2 - 5*h - 37. Calculate v(-5).
563
Let j(b) = -92*b - 11413. What is j(-124)?
-5
Let v(w) = -1047*w + 2086. Give v(2).
-8
Let o(k) = 2*k**2 - 55*k + 254. What is o(20)?
-46
Let u(k) = k**3 + 80*k**2 + 95*k + 1260. What is u(-79)?
-4
Let q(h) = -12*h - 203. Calculate q(4).
-251
Let a(l) = -225*l + 58272. What is a(259)?
-3
Let i(g) = -209*g - 16092. Determine i(-77).
1
Let u(m) = m**2 + 1696*m + 26878. Calculate u(-16).
-2
Let q(f) = -2*f**2 - 389*f - 18913. What is q(-99)?
-4
Let m(x) = -9*x**3 - 269*x**2 + 29*x - 40. Give m(-30).
-10
Let r(h) = 40*h + 40. Determine r(-4).
-120
Let i(w) = -4*w - 115. What is i(-9)?
-79
Let y(i) = 2*i**2 + 23*i + 119. What is y(-15)?
224
Let b(n) = 5782*n + 92510. What is b(-16)?
-2
Let s(c) = 112*c + 959. What is s(-8)?
63
Let r(w) = -w**2 - 2156*w - 96. Calculate r(0).
-96
Let z(b) = 642*b + 9613. What is z(-15)?
-17
Let d(c) = -267*c - 30. Calculate d(-1).
237
Let l(x) = 25*x + 354. Give l(-12).
54
Let k(y) = y**3 + 46*y**2 - 114*y - 853. Determine k(-48).
11
Let d(g) = -20*g + 231. Determine d(-10).
431
Let j(a) = -a**2 + 19*a - 108. Calculate j(10).
-18
Let c(a) = -a**2 - 13*a - 3. What is c(10)?
-233
Let u(z) = -19*z - 976. Calculate u(-56).
88
Let o(f) = 4*f**3 - 51*f**2 + 69*f + 6. Calculate o(11).
-82
Let p(r) = r**2 - 20*r - 542. Give p(-15).
-17
Let n(l) = -3*l**3 - 47*l**2 - 18*l + 178. Calculate n(-15).
-2
Let t(y) = -30293*y + 151470. Determine t(5).
5
Let b(t) = -2*t**2 - 3*t - 9. Calculate b(-8).
-113
Let w(a) = -1030*a - 12343. Determine w(-12).
17
Let c(b) = b**2 - 157*b - 5398. What is c(186)?
-4
Let i(w) = w**2 + 10163*w + 253451. Calculate i(-25).
1
Let l(o) = -61*o**3 + 4*o**2 - 13*o + 17. Give l(2).
-481
Let s(j) = 6*j**2 - 87*j + 38.